 k(z) = -7*z**2 - 2*z + 0*z**3 - 6 + 0*z - z**3. Suppose 2*v + 4*b - 506 = 44, -2*b + 4 = 0. Let f = -278 + v. Calculate k(f).
8
Let g = -55 + 95. Let p = g - 38. Let s(i) = -2*i**2 - 3*i**p + 1 - i**2 + 5*i**2 - i. What is s(1)?
-1
Let g = -6 + 8. Let w(n) = -1 - g*n + 2*n - 2*n + 3*n**2. Suppose a - 3 = 4*a. Determine w(a).
4
Let w(k) = 30 - 44 + 3*k + 9. Let q be 2/(-4)*2*-9. Let g be q + -12 + 1/(2/14). Calculate w(g).
7
Let t(r) be the third derivative of -r**5/60 - 11*r**4/24 + 28*r**3/3 - 760*r**2. Determine t(-15).
-4
Let u be 168/44 + 150/825. Let c(w) = -32*w + 14. What is c(u)?
-114
Let b(a) = 7*a + 1. Let r(g) = g - 48. Let k(l) = b(l) + r(l). Determine k(5).
-7
Suppose 0 = -3*f + 3 + 9. Let x(n) = -16*n + 75. Determine x(f).
11
Let i(r) = -2*r - 6. Let v be i(-5). Suppose -k - 19 = -y + 4*k, -2*y - 4*k = 4. Let a(j) = -j**3 - y*j**2 - 30*j + 29*j + 3 + 4*j**2 + 5*j**2. Calculate a(v).
15
Suppose 5 = -x, 2*x = -2*b - 4 - 8. Let v(d) = d**3 + 2*d + 57*d**2 - 41*d**2 - 13*d**2. Determine v(b).
0
Suppose 4*a = 4*m + 4, -3*m + 22 = 4*a - m. Let i(s) = 54*s - 5. Let d(f) = 149*f - 15. Let w(j) = 4*d(j) - 11*i(j). Determine w(a).
3
Let k = -3 - 1. Let d(t) be the first derivative of t**2 + 4*t - 48654. What is d(k)?
-4
Let b(k) be the third derivative of k**5/60 - 7*k**4/24 + k**3 - 1163*k**2. Let m(g) = 2*g - 15. Let j be m(10). Determine b(j).
-4
Suppose 0 + 10 = 5*t. Suppose 137*l + 280 = 554. Let m(q) = 1 + l*q**t + 8*q**2 + q - 9*q**2. What is m(-1)?
1
Let z = 264 - 258. Let y(h) = -3*h**2 + 6 - h**2 + 4*h**2 + 2*h**2 - h**3 - 5*h + 5*h**2. Give y(z).
12
Let i be 2970/630 - 2/(-7). Suppose -5*v + 80 - 5 = 0. Suppose -i*u = 4*j + 12 + 12, -5*j = -5*u - v. Let f(h) = -h**2 - 5*h + 2. Give f(u).
6
Let x(l) = -4*l + 10. Suppose -3*d = 2*o - o + 12, 0 = -o - 4*d - 17. Determine x(o).
-2
Let d(y) = -50*y**2 - 8*y - 54. Let m(t) = 4*t**2 + 2*t + 2. Let x(n) = d(n) + 12*m(n). Give x(9).
-48
Let q(u) be the second derivative of u**5/20 - 5*u**4/6 - 11*u**3/6 - 2*u**2 - 1686*u. What is q(11)?
-4
Suppose -134 + 79 = -11*o. Let p(j) = -j**2 - j - 6. What is p(o)?
-36
Let s(k) be the first derivative of -9*k**2/2 + k + 1. Let j = 463 - 444. Let x be (2*(-3)/(-48))/(j/152). Give s(x).
-8
Let o be (-210)/25 + 8/20. Let h(s) = s**2 + 15*s + 23. Let n be h(-12). Let l = n - o. Let u(v) = v**2 + 7*v + 6. Calculate u(l).
-4
Let y(f) = 2*f**2 + 9*f + 12. Let n(u) = -4*u**2 - 138*u - 1188. Let d be n(-16). Give y(d).
8
Suppose 4 = -l - 2*m, -4*m = -3*l - 8 + 46. Suppose 43*y - l = 45*y. Let d(w) be the second derivative of w**3/6 + w**2/2 + 11*w. What is d(y)?
-2
Let m(x) be the second derivative of -1/6*x**3 - 26*x - 1/20*x**5 + 0 - 1/6*x**4 + 0*x**2. What is m(-1)?
0
Let k be (-1)/(2/8)*(-25)/50. Let t(q) = 2*q**k - 3*q**2 - q + 8*q - 6. Let j = 2 - -4. Give t(j).
0
Let s(k) = -k**2 + 14*k - 53. Let v(a) = 541*a + 9745. Let d be v(-18). What is s(d)?
-4
Let k(t) = 12*t**2 + 29*t + 158. Let s be k(-11). Let r(a) = 3*a - 1290 + 0*a + s + 3*a**2 - 6*a. Determine r(2).
7
Let w(h) = h**2 + 26*h - 117. Suppose -121*y + 114*y + 28 = 0. Let v be w(y). Let r(f) = 5*f + 1. Calculate r(v).
16
Let r(m) = 5*m**2 - 2*m. Let o = -45 - -45. Suppose v - 9 + 8 = o. Let q be r(v). Let x(p) = 6*p - 3. Calculate x(q).
15
Let t(d) = -7*d**3 + 5*d**2 - 2*d + 1. Let b be t(-4). Suppose 5*c = 5*f + 1208 + b, 1748 = 5*c - 4*f. Let i(w) = c*w - 353*w + 2 - 7. Give i(-6).
1
Let d(w) = -3*w + 1. Suppose -1 = h, 3*y - 2 = -5*h - 4. Suppose 0*p - 1 = -l + p, y = l + p. Give d(l).
-2
Let a be -8*(32 + -39 + (-55)/(-8)). Let q(i) be the third derivative of 3*i**6/40 + i**5/60 - i**4/12 + 13*i**2. Determine q(a).
8
Let h(q) = q**3 + q**2 - 1. Let m be (-4)/(-14) - 684/(-252). Suppose -5*n - 5 = u - 11, -5*u + m = -2*n. What is h(u)?
1
Suppose 21*g + 2188 = 17*g. Let a be g/(-9) + (-20)/(-90). Let i = a + -55. Let l(d) = -d**3 + 6*d**2 - 3*d - 1. Determine l(i).
-19
Let l(n) = 2*n**2 - 4*n + 2. Let m = -37 - -39. Let i be l(m). Let s(y) = -i - 4*y**2 - 1 + 3*y**2 - 5*y. Calculate s(-4).
1
Let b(u) = -3*u - 1. Let q(x) = x. Let a(z) = -2*b(z) - 5*q(z). Let w be (-2 + 72)/7 + -1*4. Suppose 4*g + 2 = -w. Calculate a(g).
0
Let g(y) = 9*y**2 - 61*y + 4. Let d(w) = -8*w**2 + 60*w. Let c(u) = 13*d(u) + 12*g(u). What is c(-11)?
4
Let v be ((-4)/(-6))/(4/6). Let n(j) be the third derivative of 3/10*j**5 + 0 + 0*j - 1/6*j**3 - 441*j**2 + 0*j**4. Calculate n(v).
17
Let o(j) = -112 - 246*j**2 + 469*j**2 - 224*j**2 - 42*j. What is o(-39)?
5
Let o(i) = 0*i**2 + 11*i**2 + 56 + 46 - 31*i - i**3 + 39 - 30. What is o(9)?
-6
Let q(b) = 47*b - 16*b - 12*b - 8*b - 46 - 8*b. What is q(0)?
-46
Let g(b) = -b**2 + 37*b + 3942. Let m be g(-47). Let s(z) = 4*z**2 - z - 3. Let v(c) = -3*c**2 + 2*c + 2. Let l(y) = -4*s(y) - 5*v(y). Calculate l(m).
2
Let j(k) = k**3 - k - 3. Let t be j(2). Suppose -3*w - t*s = -12, 0 = -4*w - s - s + 12. Suppose -5*o = w*o. Let h(v) = -v**2 - 6. Give h(o).
-6
Let z(o) = -124*o - 242. Suppose 121*t - 2 = 123*t - 2*q, 2 = -2*q. Determine z(t).
6
Suppose -4 + 1 = -3*n + 5*g, 2*n - 2 = -2*g. Let m(q) = -q**2 - n - 3 + 5 + q. Suppose 116 = -4*v + 112. Give m(v).
-1
Let g = 10 + -5. Suppose 204 = -10*v + 874. Let d(i) = 146*i**2 - v*i**2 + 5 - i**3 - 75*i**2 + 2*i + 2*i. Give d(g).
0
Suppose -5*t + 118 = 18*h, h - 16 + 6 = -2*t. Let r(y) = y**3 - 7*y**2 - y - 23. Give r(h).
-65
Let t(y) = 2*y**2 + 12*y + 104. Let m(p) = p**2 + 7*p + 59. Let f(o) = 7*m(o) - 4*t(o). Give f(2).
-5
Let w(d) = -3*d**2 + d**3 + d**2 + 1 - 2. Let j be 30/(-24)*4 - (-20)/15*6. Calculate w(j).
8
Let s be (-36)/72*22/1. Let p(c) = 2*c**3 + 21*c**2 - 10*c + 3. Give p(s).
-8
Let r(z) = -13*z**2 + 6*z + 5. Let o(c) = 21*c**2 - 8*c - 5. Let s(u) = 2*o(u) + 3*r(u). Give s(5).
90
Let q(r) = -2*r + 6. Let t = -151 + 171. Suppose t*d + 4 = 21*d. Determine q(d).
-2
Let u(i) = -i**3 + 4*i**2 - 8*i - 14. Let j be u(7). Let h = j + 215. Let q(f) = -f**3 - 2*f**2 + f + 1. Give q(h).
-1
Let r be ((-2)/3)/((-2)/6). Suppose r*p + 3*p + 20 = 0. Let n(y) be the first derivative of y**4/4 + y**3 - 3*y**2/2 + y + 3929. Determine n(p).
-3
Let n(d) = -6844*d**3 - 6847*d**3 - 6846*d**3 + 20524*d**3. Calculate n(1).
-13
Let j(f) = 7*f**2 - f. Let z = -530 - -895. Let g = z + -364. Give j(g).
6
Let w(g) be the third derivative of -g**4/24 - g**3/2 - g**2 + 263. Calculate w(0).
-3
Let b(x) = -2*x**3 - 48*x**2 - 42*x - 19. Let l(u) = 2*u**3 + 49*u**2 + 55*u + 18. Let m(g) = 6*b(g) + 5*l(g). What is m(-22)?
-46
Let a = 7549 - 7546. Let f(g) be the third derivative of 0*g + 0*g**a - 1/60*g**5 + 19*g**2 + 0 + 1/8*g**4. Determine f(4).
-4
Let u(h) = -h - 2. Let g(x) = x**3 - 11*x**2 + 2*x - 15. Let r(s) = -g(s) + 3*u(s). Calculate r(11).
-46
Let g = 8092 + -8095. Let u(v) = 14*v**2 + 5*v + 5. What is u(g)?
116
Let z = 12449 - 12436. Let j(x) = 2*x - 35. What is j(z)?
-9
Let z(d) = -d**3 - 11*d**2 - 16*d - 35. Let x be (10 - (-119)/(-14))/((-285)/(-100) - 3). Determine z(x).
25
Let c(w) = 3*w**2 + w. Let q(b) = b**2. Let n(d) = -c(d) + 4*q(d). Let x be -1 + (-2405)/9 + (-34)/(-153). Let a = -265 - x. What is n(a)?
6
Let w(k) = k**2 + 14*k + 45. Let q be 12 - (22 - 20/4). Give w(q).
0
Let m(n) = n**2 - 6*n + 2. Suppose -449*v + 447*v + z - 16 = 0, 3*z = -3*v + 3. Let x be (1 - 1)/((-2)/2). Let g be 5 - 1/v*x. What is m(g)?
-3
Suppose 0*v + 5*v + 9 = -n, 3*n + 13 = -v. Let r be (-91)/(-28) - (-1)/n. Let z(x) = -4*x + r*x - 2*x - 6 + x**2. Determine z(5).
4
Let o(z) = -37 - 7169*z + 3605*z + 3556*z. Determine o(-9).
35
Let z(t) = -19*t + 54*t**3 - 145*t**3 + 2 + 49*t**3 - 3*t**2 + 43*t**3. Give z(6).
-4
Let c(o) = 42*o**2 + 4*o + 35*o**2 - 117*o**2 - o**3 + 0*o**3 + 36*o**2. What is c(3)?
-51
Suppose 12 = -14*v - 72. Let z(q) = 2*q**3 + 6*q**2 - 3*q - 2. Let b(n) = -n**3. Let f(x) = -b(x) - z(x). What is f(v)?
-16
Let m(d) = 10*d**2. Let t = -488 + 505. Suppose 0 = -72*r + 89*r - t. Give m(r).
10
Let k be (-2)/4 - (-3)/6. Suppose 22 = 2*o + 14. Let h(i) = 7*i**2 + 7*i - 25. Let t(x) = -3*x**2 - 3*x + 12. Let r(c) = o*h(c) + 9*t(c). Give r(k).
8
Let g(v) be the first derivative of v**3/3 + 7*v**2 + 17*v + 1. Suppose 0 = 61*f - 390 + 1122. Give g(f).
-7
Let j(o) = -6 - 38*o + 8*o + 8*o + 14*o + 13*o - o**2. Let u be (24/(-54))/(6/(-27)). Suppose